28*d + 32. Let i(p) = 2*t(p) + y(p). What is the hundreds digit of i(11)?
7
Let a(i) = -61 - 70 + 75*i + 117. What is the units digit of a(9)?
1
Suppose 4*i = 12*i - 24. Suppose 5*o + 3*b = 1770 + 1186, 0 = -i*o - 3*b + 1776. What is the units digit of o?
0
Suppose -6 = -3*s + 6*s, -3*s - 42698 = -4*v. Suppose -n = 12*n - v. What is the tens digit of n?
2
Suppose 0 = 2*p + 16, -3*r - 110*p + 111*p = -192971. What is the units digit of r?
1
Let y = -216 - -38. What is the tens digit of y/(-8) + (-203)/28 + 7?
2
Suppose 0 = 3*g - 4*i - 4144 - 4693, -13*i + 14630 = 5*g. What is the hundreds digit of g?
9
Let y(m) = -14*m**3 - 372*m**2 + 59*m + 1. What is the units digit of y(-29)?
4
Suppose -1430*b = -1409*b - 642117. What is the ten thousands digit of b?
3
Let h(t) be the third derivative of 21*t**4/2 - t**3 + 28*t**2. Let r be h(1). What is the tens digit of r/(2/1) + 1?
2
Suppose -36*i + 33*i - 86020 = -25*i. What is the hundreds digit of i?
9
Let y(c) = c**3 - 11*c**2 + 3*c - 27. Suppose 0 = -10*g + 4*g + 66. Let u be y(g). What is the units digit of (0 + (-27)/2)/(u/(-16))?
6
Let h(o) = -o**2 + 1013*o + 69107. What is the ten thousands digit of h(0)?
6
Let o be (-28)/(-105)*30/4. Suppose 5*l - o*l - 3*b - 2214 = 0, -5*l = 3*b - 3690. What is the units digit of l?
8
Let l(f) = f**3 - 14*f**2 - 30*f - 24. Let i be l(16). Let w(z) = -212*z**3 - 4*z - 4. Let t be w(-2). Suppose -2*d + t = i*d. What is the tens digit of d?
7
Let c = -144 - -263. Let u = 126 - c. What is the hundreds digit of (u/4)/((-5)/(-1360)*4)?
1
Let n(b) be the third derivative of -b**6/120 + b**5/3 - 5*b**4/6 - 2*b**3 - 9*b**2. Let r be n(18). Suppose 0 = 19*g - 16*g - r. What is the tens digit of g?
9
Let f(d) = 60*d + 135. Let c be f(-21). What is the hundreds digit of (4/10)/(4 + 4497/c)?
1
Suppose -21*x + 3*c - 9827 = -22*x, -4*c - 16 = 0. What is the hundreds digit of x?
8
Let j(t) = -6*t - 45. Let v be j(-17). Let m be (75 - 0/(-2)) + v/19. Suppose -m = -3*x + 324. What is the units digit of x?
4
Let j(d) be the second derivative of -d**4/12 + 23*d**3/3 + 19*d**2 - 83*d. What is the hundreds digit of j(31)?
5
Suppose 293*c - 32439 = -g + 289*c, -5*g + 162180 = 5*c. What is the units digit of g?
5
Let y = 558 - -3577. What is the units digit of y?
5
Suppose 55*o - 171071 = -19*o + 687181. What is the ten thousands digit of o?
1
Suppose -11*v + 683 = -219. Suppose 0 = 2*x - v - 1066. What is the hundreds digit of x?
5
Let a(g) = -63*g**3 - 15*g**2 + 3*g - 15. Let t be a(-6). Suppose -40*v = -7*v - t. What is the hundreds digit of v?
3
Let u(d) be the third derivative of d**4/3 + 14*d**3 + 2*d**2 + 7. What is the tens digit of u(13)?
8
Let s = -614 - -635. Suppose 0 = 15*t - s*t + 5004. What is the units digit of t?
4
Suppose 2*q - 3*t = 3854, -818*q = -823*q - 4*t + 9658. What is the tens digit of q?
3
Suppose 9*w - 10*w + 2 = 0. Suppose 0 = -w*q + 5*q + 324. What is the units digit of (-24)/q - (-403)/9?
5
Let n = 23839 - 10988. What is the thousands digit of n?
2
Suppose 0 = -n + 69 - 60. Let k = n + -5. Suppose -2*r - 5*o = -2*o - 135, k*r = 5*o + 325. What is the tens digit of r?
7
Suppose -d - 3*d = 4*y + 76, -y = 4*d + 64. Let o = d - 13. What is the tens digit of 926/8 + (-7)/o?
1
Let m = -637 + 84. What is the hundreds digit of (-7)/(3 - m/(-182))?
1
What is the units digit of ((-20)/25*3)/((-10)/20675)?
2
Suppose 5*u + 0 + 6 = h, -2*h + 4*u + 12 = 0. Let n(z) = 3*z - h*z - 9*z - 16 - 4. What is the tens digit of n(-5)?
4
Suppose 0 = n + f - 10 + 5, -2*f + 11 = 3*n. Suppose -m - 2*o + 599 = 0, n = o - 1. What is the tens digit of m?
9
Let a = 731 - -582. Suppose -5*r = b - 3*r - 256, -a = -5*b + r. What is the tens digit of b?
6
Suppose a - 396 = -3*a. Let n(c) = -95*c**2 + 1 - 8 - 13*c + a*c**2. What is the tens digit of n(6)?
5
Let r be 1/(-1 + -2)*(-16 - -16). Let s(j) = 7*j + 513. What is the hundreds digit of s(r)?
5
Let a(u) = -4*u + 3. Let l be a(0). Let d(m) = 6*m - 14. Let y be d(l). Let r(x) = 13*x**2 + x + 1. What is the units digit of r(y)?
3
Suppose -5 = 5*c + 5*p, 4*p - 23 = c + 4*c. Let y be c*144/(-8)*7/(-3). Let r = y - -228. What is the hundreds digit of r?
1
Suppose -4*o + 5*k + 155 = 8, -9 = 3*k. Let p(z) = o*z**2 + 40*z**2 + 1 - z + 2*z. What is the tens digit of p(-1)?
7
Let w = 6138 - -2621. What is the tens digit of w?
5
Suppose -4928 = 24*t + 7696. Let s = t + 681. What is the tens digit of s?
5
What is the hundreds digit of 20/15 + (-98273)/(-21)?
6
Let o = 14907 - 5580. What is the units digit of o?
7
Let i(b) = 3 - 8 - 31*b + 34*b. Let j(v) = -v**2 + 17*v + 8. Let l be j(17). What is the units digit of i(l)?
9
Let t(s) = 42*s**2 - 8*s + 79. Let c be t(8). What is the hundreds digit of c/9 - (-5)/(-15)?
3
Let d be (12/(-7))/((-8)/3836). Let j = -86 + d. What is the hundreds digit of j?
7
Suppose s + 0*q + 5*q = -26, 3*s = 3*q - 6. What is the hundreds digit of -5 - (-977 - 12/s)?
9
Let l = 1825 - -1979. What is the thousands digit of l?
3
Let g be 46/(-161) - 5/7. What is the tens digit of g/((24 - 23)/(2*-37))?
7
Suppose l - 9816 = -5*h, 109*l - 112*l + 3*h + 29448 = 0. What is the thousands digit of l?
9
What is the tens digit of (-1372)/784*(-18)/7*112/6?
8
Let c(j) = -j**2 + 59*j - 435. Let d be c(42). What is the units digit of (-3 + d)*(-12)/(-4)?
8
Let r(f) = 262*f + 1406. What is the thousands digit of r(40)?
1
Let b(w) = w**3 - 5*w**2 + w. Let u be b(5). Let i(f) = -6*f + 28. Let n be i(u). What is the units digit of 8*(24 + -2 + n)?
0
Suppose -33*c = -39*c + 234. Suppose c*l - 38*l = 757. What is the hundreds digit of l?
7
Let t = -75 - -35. Let u = t + 55. Suppose 5*s = u, 4*s - 101 = -r + 5*s. What is the hundreds digit of r?
1
Suppose 21*a - 10*a - 98832 = -4*g, -4*g = -5*a - 98832. What is the hundreds digit of g?
7
Suppose 3*z + 1902 = -3*a + a, 0 = -3*a. Let n = -359 - z. What is the hundreds digit of n?
2
Suppose -10*t + 291 + 159 = 0. Let i = -41 + t. Suppose 4*d + q - 208 = 172, -16 = -i*q. What is the units digit of d?
4
Suppose -507*o = -457*o - 496650. What is the units digit of o?
3
Suppose -2*o + 1 - 1 = 0. Suppose -4*p + 21 + 39 = o. What is the units digit of (-261)/(-12)*40/p?
8
Suppose 0 = 2*a - 2*u - 8, -5*a - 3*u - 18 = -2*a. Let q be 1192/(-18) - a/((-27)/(-6)). What is the tens digit of (-2332)/q - (-2)/3?
3
Let s(n) = 24*n**2 - 25*n - 706. What is the thousands digit of s(-28)?
8
Let w be (0 + 0)/(3 - 5). Let c(g) be the third derivative of -g**6/120 - g**4/24 + 23*g**3/2 - 47*g**2. What is the tens digit of c(w)?
6
Let b(p) = p**3 - 8*p**2 - 11. Let m be b(8). Let h(o) be the first derivative of o**4/4 + 14*o**3/3 + 9*o**2 - 27*o - 490. What is the hundreds digit of h(m)?
1
Suppose -5*c = -309 + 69. Suppose 0 = 4*j - k + 3*k + 170, -128 = 3*j + k. Let z = j + c. What is the units digit of z?
5
Let g be 5*(-6)/(-30)*-1 + 414. Let z = g - -723. What is the hundreds digit of z?
1
Suppose 468*i + 19910 = 469*i - 3*z, 3*i = 2*z + 59709. What is the units digit of i?
1
Suppose 70098*y - 70082*y = 351424. What is the hundreds digit of y?
9
What is the tens digit of -3 + (13 - -58026 - 11)?
2
Let b = -54 + 59. Suppose 0 = b*r - 0*r + 20, -2*p + 3*r + 88 = 0. Suppose -3*j + 39 + p = l, -3*j - 291 = -3*l. What is the units digit of l?
2
Let k = -2 - -17. Let a be 10/(-4)*(-156)/k. Let d = 66 - a. What is the tens digit of d?
4
Suppose -224*r + 229*r + 515 = 0. Let p = r - -550. What is the tens digit of p?
4
Suppose 855*o - 72411 - 65549 = 845*o. What is the hundreds digit of o?
7
Let v = -86 - -59. Let i be -4*(v/12 - (0 - 1)). Suppose 4*l = i*x - 478, -3*x - 309 = -6*x - 5*l. What is the tens digit of x?
9
Suppose -5*u = o - 61995, 0 = 5*u - 3*o - 100071 + 38076. What is the units digit of u?
9
Let o be ((-5)/3)/(9/(-189)). Suppose -o*k = -33*k - 458. What is the units digit of k?
9
Let c = 1456 + -798. Suppose -989 = -3*b - 4*g, -2*g - c = -2*b - 6*g. What is the units digit of b?
1
Suppose 16 = 3*s + 2*z, -z = 4*s - 6*z - 52. What is the tens digit of (-1666)/(-4) + 4/s?
1
Let u(c) = 6944*c**2 - 576*c + 1153. What is the tens digit of u(2)?
7
Let u = -283 - -285. Suppose -4*a - 622 = -4*t - u*a, -5*t + a = -773. What is the units digit of t?
4
Let q be ((-1)/3)/((-24)/36)*132. Let u = 60 - q. What is th